*1489/4*-1?
9
Let i(t) = 16*t**3 + 5*t**2 - 27. What is the tens digit of i(4)?
7
Suppose -2*v = 12*x - 8*x - 982, 4*v = -12. Let b = x - 95. What is the tens digit of b?
5
Let l = 21 - 7. Suppose -q = -2*n - 1, -5*q + 3 = -4*n - l. Suppose 3*y + 4*g = 95, n*y - 3*y = -3*g - 10. What is the units digit of y?
5
Let x be (-1 + 3)/(8/52). Suppose -x + 208 = 3*d. What is the tens digit of d?
6
Suppose -3*v + 2*v + 231 = -b, -5*v + 3*b + 1153 = 0. What is the units digit of v?
0
Suppose -v = -5*i - 231, -9*i + 231 = v - 12*i. What is the hundreds digit of v?
2
Suppose 1205 = -4*g + 3*b + 10748, g - 3*b - 2397 = 0. What is the thousands digit of g?
2
Suppose k - 4*k - 5985 = -5*s, -s = -5*k - 9975. What is the hundreds digit of (-2)/(-4) + k/(-14)?
1
Let i(g) = -349*g + 268. What is the hundreds digit of i(-3)?
3
Suppose -14055 = -54*m - 4443. What is the hundreds digit of m?
1
Let a = 14 + -11. Suppose 0 = a*j - 11 - 4. Suppose 3*t - 2*f - 2*f - 103 = 0, j*f = -5*t + 230. What is the units digit of t?
1
Suppose 3*x = 2*x + 9. Let z be -1*(-2 - x/3). What is the units digit of (-188)/(-5) + 2/z?
8
Let l = -36 + 39. Suppose 4*g = -t + 13, 1 = l*g + 2*t - 3*t. What is the units digit of -14*g*(-1)/2?
4
Let i = 52 - 25. Let c be 2/9 - (-156)/i. What is the tens digit of c/((-3)/(-1)) + 50?
5
Let s(n) = n**3 - n**2 + n. Let t be s(2). Let k(b) = -10 + t*b**2 + b - 4*b**2 - 4*b - 4*b. What is the units digit of k(7)?
9
Let z(n) = -n**2 + 14*n + 1. Let i be z(7). Suppose 0 = a + t - i - 48, -4*a = -3*t - 392. What is the units digit of a?
8
Let m = 2 + 30. Suppose -4*x - 8 = -m. Let p = 19 - x. What is the tens digit of p?
1
Let j = 34 + -30. Suppose k = -j + 21. What is the units digit of k?
7
Let h = -218 + 461. What is the tens digit of ((-38)/(-6) + 1)/(54/h)?
3
What is the tens digit of 506/4 - (-9)/6?
2
What is the tens digit of -1302*(5 - 3)*(12 + -13)?
0
Let d(l) = 4*l**3 - 2*l**2 + 7*l - 17. Let v be d(5). Suppose v = 9*a - 513. What is the units digit of a?
9
Let z = -65 + 69. What is the tens digit of 20/z*-26*(-1)/2?
6
Suppose -2106 = -3*x - 0*x. What is the units digit of x?
2
Let y(f) = 4*f**2 - 6*f + 7. Let h(r) = 3*r**2 - 7*r + 6. Let q(c) = 5*h(c) - 4*y(c). Let n be q(-11). What is the units digit of 39*n/3 + -3?
3
Let v = -966 - -1873. Let n = -618 + v. What is the tens digit of n?
8
Let l be -3 + (-1 + 0)*-8. Suppose x + 4*w + 12 = l*x, 5*w = 3*x - 11. Suppose 0*d + d = -x, -4*c = d - 130. What is the tens digit of c?
3
Let q = 35 - 53. Let d be (9/q)/(1/(-16)). Suppose 11 = 9*z - d*z. What is the units digit of z?
1
Let y be ((4/(-2))/(-2))/(5/45). Suppose -12*b = -y*b - 705. What is the hundreds digit of b?
2
Suppose 15*g = 13*g + 26. Let l(n) = 12*n + 30. What is the tens digit of l(g)?
8
Suppose -5*i = z - 490, 5*z = 4*i + 4*z - 392. Suppose 2*m + 86 = 4*p, 5*m + i + 3 = 4*p. Let y = 40 - p. What is the units digit of y?
1
Let x = -137 - -54. Let p = 228 + x. What is the units digit of p?
5
Let c be (-28)/(-6)*(-54)/(-63). Let p be (-6)/(-21)*(465 + 4). Suppose 2*l + 0*l - p = -3*b, 194 = c*b - 5*l. What is the tens digit of b?
4
Suppose 0 = -11*j + 2213 + 339. What is the tens digit of j?
3
Let l(u) = -29*u + 249. What is the units digit of l(7)?
6
Let c(m) = -2*m - 23. Let p be c(-11). What is the units digit of (4 - 3)*141 - (3 + p)?
9
Suppose -6*g + 7829 = 2513. What is the tens digit of g?
8
Let n(f) = -14*f + 2. Let j be (-14 - -13) + (0 - -3). Suppose d - j*b = 7, -3*d + 8*d = -5*b - 40. What is the units digit of n(d)?
4
What is the tens digit of 6192/15 + -2 - (-7)/35?
1
Suppose 8 + 124 = a + 3*b, 5*b = 5*a - 760. Suppose -5*m = 2*j - a, -2*j - 3*j - 111 = -4*m. Let p = -11 + m. What is the units digit of p?
8
Let m(v) = -7*v**2 - 11*v + 5. Let j(w) = 3*w**2 + 5*w - 2. Let p(b) = 5*j(b) + 2*m(b). Let g be p(-5). Suppose -34 = -4*x + g. What is the tens digit of x?
1
Let h = 382 + -96. What is the hundreds digit of h?
2
Let r be 12/7 - 16/(-56). Suppose -10 = w + 3*o, -r*w + 5*o = 2*w + 23. What is the units digit of (-403)/w + (-12)/(-28)?
8
What is the units digit of (-48)/(-30)*5 + 1886?
4
Let a(y) be the third derivative of -38*y**6/15 + y**5/60 - y**4/24 - y**3/6 - 54*y**2. What is the units digit of a(-1)?
5
Suppose 0 = -3*m - 3*s + 2310, -5*m + 5*s + 3870 = -0*m. What is the tens digit of m?
7
Let o = 40 + -38. Suppose -4*z - 3*p = -599, -o*z - p + 277 = -4*p. What is the units digit of z?
6
Let o(y) = -7*y**3 - y - 1. Let k be o(-1). Suppose -2*n = 5*p + 385, -k*p = -2*p - 5*n + 350. Let s = p - -109. What is the units digit of s?
4
Let s(i) = 11*i**2 - 4*i + 1. Let l = -9 - -11. What is the tens digit of s(l)?
3
Let r(t) = -t**3 - 5*t**2 + 5*t - 3. Let w be r(-6). Suppose 16 = -2*h + 6*h - w*d, 0 = -2*d. What is the units digit of 2/h + (-15)/(-6)?
3
Suppose h = 3 - 32. Let j = h + -1. What is the units digit of (j/9 + 3)*-69?
3
Let v = 455 + 279. What is the hundreds digit of v?
7
Let v(g) = g**3 - 12*g**2 - g - 12. What is the hundreds digit of v(16)?
9
Let w(q) = 39*q - 1. Let k be w(2). Suppose -2*j = v + 2*j - 65, 0 = -v + 2*j + k. What is the tens digit of v?
7
Suppose -2*a = 2*a - 80. Suppose 5*z + 14 + 9 = -3*p, -4*p + 2*z = -4. What is the units digit of (-1 + 0)/p*a?
0
Suppose -13 = 2*a - 1301. What is the tens digit of a?
4
Suppose 3*d - 2676 = 5*u, -u - 3315 = -5*d + 1167. What is the tens digit of d?
9
Suppose u = -8 - 8. Let j = u + 57. What is the units digit of j?
1
Let q be 174/10 - (-36)/(-90). Let a be q/(0 + 1 - 2). Let z = a - -21. What is the units digit of z?
4
What is the tens digit of -256*1*6/(-12)?
2
Suppose 115 = 8*a - 21. Let r = a - 1. What is the units digit of r?
6
Let c = 5261 - 2102. What is the units digit of c?
9
What is the hundreds digit of (-5)/3 + 39360/288?
1
Let u = -2649 + 3826. What is the thousands digit of u?
1
Suppose 0 = 4*j + 5*n - 13055, -j + 3*n - 16322 = -6*j. What is the tens digit of j?
6
Let n = -15 + 19. Suppose r - 27 = n*r. Let v = r - -17. What is the units digit of v?
8
Suppose -6*f - 1900 = -8*f. What is the tens digit of f?
5
What is the tens digit of -3 - 2/(-1)*(-186)/(-3)?
2
Let w(x) = -8*x**3 + 13*x**2 - 6. Let d(j) = 7*j**3 - 12*j**2 - j + 5. Let s(h) = -7*d(h) - 6*w(h). What is the units digit of s(7)?
1
Let k(l) be the first derivative of 10*l - 3*l**2 + 6*l**2 - 3*l + 1 - l. What is the tens digit of k(3)?
2
Let n(a) = 10*a**3 - 2*a**2 + 3. Let h be n(2). Suppose -c = -2*c + h. What is the units digit of c?
5
Suppose 46*g = 51*g - 1355. Suppose 35*q - 36*q = -g. What is the units digit of q?
1
Let y = 35 - 23. Let f = y + -10. Suppose -7*b = -f*b - 50. What is the tens digit of b?
1
Suppose -g - 60 = -y, -2*y - y + 2*g = -181. What is the tens digit of y - 4/((-4)/3)?
6
Let s be 19*2 + -4 + 5. Let h = 183 + s. What is the hundreds digit of h?
2
Let f = -7 + 8. What is the hundreds digit of 29*(0 + f - -3)*1?
1
Let x = 576 + -76. What is the hundreds digit of x?
5
Let z = 11 - 7. Suppose -3*o - z*j + 233 = 0, -j = 2*o + 3*o - 394. What is the tens digit of o?
7
Suppose -5*w = -2*w, -2 = -d - w. Suppose -q - 341 = -5*y, 3*q - 267 = -4*y - d*q. What is the tens digit of y?
6
Let r(s) = -2*s**2 + 14*s - 13. Let a be r(6). What is the tens digit of (a/1 + 0)/(5/(-295))?
5
Let h(q) be the first derivative of 4*q + 1/4*q**4 + 1/3*q**3 - 3*q**2 + 8. What is the tens digit of h(3)?
2
Let o = 100 - -96. Let d = o - 88. What is the hundreds digit of d?
1
Suppose 4*g - 5*l - 1495 = 0, 5*g + 3*l - 995 - 883 = 0. Suppose -3*d - 5*w = -g, -w = 4*d - 377 - 106. What is the tens digit of d?
2
Suppose -2*k + 1596 = 12*k. What is the units digit of k?
4
Suppose -v + 2134 = 3*v - c, 3*v - 1610 = -4*c. What is the tens digit of v?
3
Let w = -2 + 12. Let d = 16 - w. Suppose -5*o = -d + 1, -5*r + 4*o + 1 = 0. What is the units digit of r?
1
Suppose 3*i + l = 1480, -3*l - 500 = -4*i + 3*i. Let r = i - 336. What is the tens digit of r?
5
Let v(m) = 166*m + 16. Let d be v(4). Suppose -5*q = 3*q - d. What is the units digit of q?
5
Suppose j - 10 = -5*m, 2*m - 1 = -2*j + 3. Suppose -m*a = -0*a + 6, -3*b + 3*a = -180. What is the tens digit of b?
5
What is the units digit of (1443 - 2) + (-17 - -13)?
7
Suppose 0 = -2*y - 2*x - 2*x + 722, -2*y - 2*x = -716. What is the h